rime factors of 72265.
5, 97, 149
What are the prime factors of 3017?
7, 431
List the prime factors of 6890.
2, 5, 13, 53
List the prime factors of 2463.
3, 821
What are the prime factors of 439?
439
What are the prime factors of 129063?
3, 11, 3911
What are the prime factors of 8001?
3, 7, 127
What are the prime factors of 994?
2, 7, 71
List the prime factors of 5539.
29, 191
List the prime factors of 205.
5, 41
What are the prime factors of 528?
2, 3, 11
List the prime factors of 51360.
2, 3, 5, 107
List the prime factors of 85388.
2, 21347
What are the prime factors of 91145?
5, 18229
List the prime factors of 2818.
2, 1409
What are the prime factors of 550?
2, 5, 11
List the prime factors of 109983.
3, 61, 601
List the prime factors of 45988.
2, 11497
List the prime factors of 27439.
23, 1193
List the prime factors of 152102.
2, 59, 1289
List the prime factors of 2849.
7, 11, 37
List the prime factors of 37642.
2, 11, 29, 59
What are the prime factors of 6743?
11, 613
List the prime factors of 20464.
2, 1279
List the prime factors of 1839.
3, 613
What are the prime factors of 449?
449
List the prime factors of 4450.
2, 5, 89
List the prime factors of 145004.
2, 36251
List the prime factors of 89954.
2, 41, 1097
List the prime factors of 3281.
17, 193
What are the prime factors of 15360?
2, 3, 5
List the prime factors of 35779.
37, 967
What are the prime factors of 4515?
3, 5, 7, 43
List the prime factors of 8790.
2, 3, 5, 293
What are the prime factors of 3808?
2, 7, 17
What are the prime factors of 1389?
3, 463
List the prime factors of 10760.
2, 5, 269
What are the prime factors of 2310?
2, 3, 5, 7, 11
What are the prime factors of 1493?
1493
List the prime factors of 26557.
26557
List the prime factors of 74488.
2, 9311
What are the prime factors of 45953?
45953
List the prime factors of 9583.
7, 37
What are the prime factors of 53701?
83, 647
What are the prime factors of 3345?
3, 5, 223
What are the prime factors of 2020?
2, 5, 101
List the prime factors of 115.
5, 23
List the prime factors of 8141.
7, 1163
What are the prime factors of 22124?
2, 5531
List the prime factors of 62829.
3, 13, 179
List the prime factors of 42445.
5, 13, 653
What are the prime factors of 94339?
7, 13477
What are the prime factors of 41571?
3, 31, 149
List the prime factors of 80465.
5, 7, 11, 19
What are the prime factors of 34313?
34313
What are the prime factors of 816?
2, 3, 17
List the prime factors of 5847.
3, 1949
What are the prime factors of 6233?
23, 271
What are the prime factors of 65423?
65423
List the prime factors of 125044.
2, 43, 727
What are the prime factors of 2075?
5, 83
What are the prime factors of 2715?
3, 5, 181
What are the prime factors of 6486?
2, 3, 23, 47
What are the prime factors of 2026?
2, 1013
What are the prime factors of 505?
5, 101
What are the prime factors of 42489?
3, 4721
What are the prime factors of 5954?
2, 13, 229
What are the prime factors of 5681?
13, 19, 23
List the prime factors of 20553.
3, 13, 17, 31
What are the prime factors of 37456?
2, 2341
What are the prime factors of 1345?
5, 269
What are the prime factors of 5152?
2, 7, 23
What are the prime factors of 7941?
3, 2647
What are the prime factors of 7356?
2, 3, 613
What are the prime factors of 8145?
3, 5, 181
List the prime factors of 110597.
110597
List the prime factors of 34307.
7, 13, 29
List the prime factors of 2756.
2, 13, 53
What are the prime factors of 7150?
2, 5, 11, 13
List the prime factors of 3082.
2, 23, 67
What are the prime factors of 55244?
2, 7, 1973
List the prime factors of 410.
2, 5, 41
List the prime factors of 329.
7, 47
What are the prime factors of 4029?
3, 17, 79
List the prime factors of 4081.
7, 11, 53
List the prime factors of 117971.
7, 19, 887
List the prime factors of 13559.
7, 13, 149
List the prime factors of 23768.
2, 2971
List the prime factors of 11973.
3, 13, 307
What are the prime factors of 1026?
2, 3, 19
List the prime factors of 18535.
5, 11, 337
List the prime factors of 3104.
2, 97
List the prime factors of 824.
2, 103
List the prime factors of 578.
2, 17
List the prime factors of 99.
3, 11
What are the prime factors of 740?
2, 5, 37
What are the prime factors of 18624?
2, 3, 97
What are the prime factors of 4102?
2, 7, 293
What are the prime factors of 77923?
29, 2687
What are the prime factors of 27609?
3, 9203
List the prime factors of 4620.
2, 3, 5, 7, 11
What are the prime factors of 39073?
41, 953
What are the prime factors of 1894?
2, 947
List the prime factors of 111221.
11, 10111
List the prime factors of 9302.
2, 4651
What are the prime factors of 10069?
10069
What are the prime factors of 7938?
2, 3, 7
List the prime factors of 20524.
2, 7, 733
List the prime factors of 12085.
5, 2417
What are the prime factors of 3500?
2, 5, 7
List the prime factors of 642.
2, 3, 107
What are the prime factors of 40527?
3, 19, 79
List the prime factors of 15.
3, 5
What are the prime factors of 48285?
3, 5, 29, 37
What are the prime factors of 13979?
7, 1997
What are the prime factors of 1950?
2, 3, 5, 13
What are the prime factors of 451?
11, 41
List the prime factors of 1650.
2, 3, 5, 11
What are the prime factors of 44304?
2, 3, 13, 71
List the prime factors of 108654.
2, 3, 7, 13, 199
What are the prime factors of 1210?
2, 5, 11
What are the prime factors of 157669?
157669
List the prime factors of 352.
2, 11
List the prime factors of 39586.
2, 19793
List the prime factors of 94796.
2, 13, 1823
What are the prime factors of 2647?
2647
What are the prime factors of 12103?
7, 13, 19
List the prime factors of 1619.
1619
List the prime factors of 2706.
2, 3, 11, 41
What are the prime factors of 40889?
31, 1319
What are the prime factors of 13633?
13633
List the prime factors of 15429.
3, 37, 139
List the prime factors of 1748.
2, 19, 23
List the prime factors of 93983.
93983
List the prime factors of 45397.
11, 4127
List the prime factors of 33274.
2, 127, 131
What are the prime factors of 37329?
3, 23, 541
List the prime factors of 13880.
2, 5, 347
What are the prime factors of 87523?
87523
List the prime factors of 68213.
68213
List the prime factors of 128195.
5, 25639
List the prime factors of 740.
2, 5, 37
What are the prime factors of 8614?
2, 59, 73
List the prime factors of 15517.
59, 263
List the prime factors of 238.
2, 7, 17
List the prime factors of 52544.
2, 821
What are the prime factors of 858?
2, 3, 11, 13
What are the prime factors of 4024?
2, 503
List the prime factors of 1421.
7, 29
List the prime factors of 11926.
2, 67, 89
List the prime factors of 559.
13, 43
What are the prime factors of 164?
2, 41
List the prime factors of 14416.
2, 17, 53
What are the prime factors of 11358?
2, 3, 631
What are the prime factors of 41260?
2, 5, 2063
List the prime factors of 1280.
2, 5
List the prime factors of 3651.
3, 1217
What are the prime factors of 147660?
2, 3, 5, 23, 107
What are the prime factors of 6266?
2, 13, 241
What are the prime factors of 548?
2, 137
List the prime factors of 402.
2, 3, 67
What are the prime factors of 1191?
3, 397
List the prime factors of 6142.
2, 37, 83
What are the prime factors of 16674?
2, 3, 7, 397
What are the prime factors of 1524?
2, 3, 127
List the prime factors of 7387.
83, 89
What are the prime factors of 35014?
2, 7, 41, 61
What are the prime factors of 14185?
5, 2837
List the prime factors of 35351.
23, 29, 53
What are the prime factors of 1720?
2, 5, 43
List the prime factors of 10453.
10453
List the prime factors of 1880.
2, 5, 47
What are the prime factors of 3893?
17, 229
List the prime factors of 78669.
3, 8741
List the prime factors of 10887.
3, 19, 191
What are the prime factors of 1105?
5, 13, 17
List the prime factors of 997.
997
List the prime factors of 71533.
7, 11, 929
List the prime factors of 3544.
2, 443
List the prime factors of 53691.
3, 11, 1627
What are the prime factors of 77784?
2, 3, 7, 463
List the prime factors of 1936.
2, 11
What are the prime factors of 1672?
2, 11, 19
List the prime factors of 912.
2, 3, 19
List the prime factors of 2575.
5, 103
List the prime factors of 6737.
6737
List the prime factors of 851.
23, 37
What are the prime factors of 88665?
3, 5, 23, 257
What are the prime factors of 56089?
11, 5099
List the pr